{"id":19,"date":"2025-09-30T23:22:32","date_gmt":"2025-09-30T21:22:32","guid":{"rendered":"http:\/\/212.227.100.131:8081\/?page_id=19"},"modified":"2025-10-27T13:06:52","modified_gmt":"2025-10-27T12:06:52","slug":"angebot-fuer-kinder","status":"publish","type":"page","link":"https:\/\/etb.mausberg.net\/index.php\/angebot-fuer-kinder\/","title":{"rendered":"Angebot f\u00fcr Kinder"},"content":{"rendered":"\n<p>Bei Interesse an unseren Trainingseinheiten oder Fragen zu Schnupperstunden oder der Anmeldung, wendet euch gerne direkt an unsere Gesch\u00e4ftsf\u00fchrerin:<\/p>\n\n\n\n<p>Silke Kr\u00fcger (Tel.: +49 201 781168, <a href=\"mailto:s.krueger-etb@web.de\">s.krueger-etb@web.de<\/a>)<\/p>\n\n\n<style>.kt-accordion-id19_0ff925-b5 .kt-accordion-inner-wrap{column-gap:var(--global-kb-gap-md, 2rem);row-gap:8px;}.kt-accordion-id19_0ff925-b5 .kt-accordion-panel-inner{padding-top:var(--global-kb-spacing-sm, 1.5rem);padding-right:var(--global-kb-spacing-sm, 1.5rem);padding-bottom:var(--global-kb-spacing-sm, 1.5rem);padding-left:var(--global-kb-spacing-sm, 1.5rem);}.kt-accordion-id19_0ff925-b5 .wp-block-kadence-pane .kt-accordion-header-wrap .kt-blocks-accordion-header{padding-top:var(--global-kb-spacing-xxs, 0.5rem);padding-right:var(--global-kb-spacing-xs, 1rem);padding-bottom:var(--global-kb-spacing-xxs, 0.5rem);padding-left:var(--global-kb-spacing-xs, 1rem);}@media all and (max-width: 767px){.kt-accordion-id19_0ff925-b5 .kt-accordion-inner-wrap{display:block;}.kt-accordion-id19_0ff925-b5 .kt-accordion-inner-wrap .kt-accordion-pane:not(:first-child){margin-top:8px;}}<\/style>\n<div class=\"wp-block-kadence-accordion alignnone\"><div class=\"kt-accordion-wrap kt-accordion-id19_0ff925-b5 kt-accordion-has-5-panes kt-active-pane-0 kt-accordion-block kt-pane-header-alignment-left kt-accodion-icon-style-basic kt-accodion-icon-side-right\" style=\"max-width:none\"><div class=\"kt-accordion-inner-wrap\" data-allow-multiple-open=\"false\" data-start-open=\"none\">\n<div class=\"wp-block-kadence-pane kt-accordion-pane kt-accordion-pane-1 kt-pane19_182597-69\"><div class=\"kt-accordion-header-wrap\"><button class=\"kt-blocks-accordion-header kt-acccordion-button-label-show\" type=\"button\"><span class=\"kt-blocks-accordion-title-wrap\"><span class=\"kt-blocks-accordion-title\">Eltern &amp; Kind (1 bis 3 Jahre)<\/span><\/span><span class=\"kt-blocks-accordion-icon-trigger\"><\/span><\/button><\/div><div class=\"kt-accordion-panel kt-accordion-panel-hidden\"><div class=\"kt-accordion-panel-inner\">\n<figure class=\"wp-block-table is-style-regular\" style=\"padding-top:0px;padding-right:0px;padding-bottom:0px;padding-left:0px\"><table class=\"has-fixed-layout\" style=\"border-style:none;border-width:0px\"><tbody><tr><td class=\"has-text-align-center\" data-align=\"center\"><br>Donnerstag, 16:00 &#8211; 17:00<\/td><td class=\"has-text-align-center\" data-align=\"center\">Turnhalle Hedwigstra\u00dfe<br>Hedwigstra\u00dfe 40<br>45130 Essen<\/td><td class=\"has-text-align-center\" data-align=\"center\">Leiterin: <a href=\"http:\/\/212.227.100.131:8081\/index.php\/ueber-uns\/#ul-andrea\" data-type=\"page\" data-id=\"50\">Andrea Brenner<\/a><\/td><\/tr><\/tbody><\/table><\/figure>\n<\/div><\/div><\/div>\n\n\n\n<div class=\"wp-block-kadence-pane kt-accordion-pane kt-accordion-pane-2 kt-pane19_e76874-73\"><div class=\"kt-accordion-header-wrap\"><button class=\"kt-blocks-accordion-header kt-acccordion-button-label-show\" type=\"button\"><span class=\"kt-blocks-accordion-title-wrap\"><span class=\"kt-blocks-accordion-title\">Sport und Spiele f\u00fcr Kinder (ab 3 Jahre)<\/span><\/span><span class=\"kt-blocks-accordion-icon-trigger\"><\/span><\/button><\/div><div class=\"kt-accordion-panel kt-accordion-panel-hidden\"><div class=\"kt-accordion-panel-inner\">\n<p>Das Eltern-Kind-Turnen im ETB ist die M\u00f6glichkeit f\u00fcr Eltern und ihre Kinder von 3-6 Jahren aktiv Zeit miteinander zu verbringen und spielerisch die Welt des Turnens zu entdecken. Unser Team f\u00f6rdert Motorik, Koordination und Freude an der Bewegung. In einer sicheren Umgebung st\u00e4rken wir so gemeinsam nicht nur Muskeln, sondern auch die Bindung zwischen Eltern und Kind.<\/p>\n\n\n\n<p>Schnuppertraining ist m\u00f6glich, bitte f\u00fcr einen Termin vorher anrufen.<\/p>\n\n\n\n<figure class=\"wp-block-table is-style-regular\" style=\"padding-top:0px;padding-right:0px;padding-bottom:0px;padding-left:0px\"><table class=\"has-fixed-layout\" style=\"border-style:none;border-width:0px\"><tbody><tr><td class=\"has-text-align-center\" data-align=\"center\"><br>Mittwoch, 17:00 &#8211; 18:00 Uhr<\/td><td class=\"has-text-align-center\" data-align=\"center\"><a href=\"https:\/\/www.google.com\/maps\/place\/Alfred-Krupp-Schule\/@51.4500402,6.9805861,17z\/data=!3m2!4b1!5s0x47b8c2ec24ba4559:0x2d6bbcc9516791d!4m6!3m5!1s0x47b8c2ec3ab69421:0x4566c196e4b90f9a!8m2!3d51.4500369!4d6.983161!16s%2Fg%2F1n36gg_y6?entry=ttu&amp;g_ep=EgoyMDI1MTAxMi4wIKXMDSoASAFQAw%3D%3D\">Alfred-Krupp-Schule<br>Margaretenstra\u00dfe 40<br>45144 Essen<\/a><\/td><td class=\"has-text-align-center\" data-align=\"center\">Leiterin: <a href=\"http:\/\/212.227.100.131:8081\/index.php\/ueber-uns\/#ul-andrea\" data-type=\"page\" data-id=\"50\">Andrea Brenner<\/a><\/td><\/tr><tr><td class=\"has-text-align-center\" data-align=\"center\"><br>Donnerstag, 15:00 &#8211; 16:00 Uhr<\/td><td class=\"has-text-align-center\" data-align=\"center\"><br>Turnhalle Hedwigstra\u00dfe<br>Hedwigstra\u00dfe 40<br>45130 Essen<\/td><td class=\"has-text-align-center\" data-align=\"center\">Diese Gruppe findet zur Zeit nicht statt.<br>\u00dcbungsleiter gesucht!<\/td><\/tr><\/tbody><\/table><\/figure>\n<\/div><\/div><\/div>\n\n\n\n<div class=\"wp-block-kadence-pane kt-accordion-pane kt-accordion-pane-3 kt-pane19_b723e6-94\"><div class=\"kt-accordion-header-wrap\"><button class=\"kt-blocks-accordion-header kt-acccordion-button-label-show\" type=\"button\"><span class=\"kt-blocks-accordion-title-wrap\"><span class=\"kt-blocks-accordion-title\">Sport und Spiele f\u00fcr Kinder (ab 6 Jahre)<\/span><\/span><span class=\"kt-blocks-accordion-icon-trigger\"><\/span><\/button><\/div><div class=\"kt-accordion-panel kt-accordion-panel-hidden\"><div class=\"kt-accordion-panel-inner\">\n<p>Bei uns erleben junge Sportfans im Alter von 6-10 Jahren abwechslungsreiche Turnstunden, kindgerechtes Training und viel Spa\u00df an der Bewegung. Ob Ballsport, Kletter- und Laufspiele \u2013 unser Team hat viele spannende Ideen f\u00fcr alle auf Lager. Und ganz nebenbei werden K\u00f6rper und soziales Miteinander gest\u00e4rkt.<\/p>\n\n\n\n<p>Schnuppertraining ist m\u00f6glich, bitte f\u00fcr einen Termin vorher anrufen.<\/p>\n\n\n\n<figure class=\"wp-block-table is-style-regular\" style=\"padding-top:0px;padding-right:0px;padding-bottom:0px;padding-left:0px\"><table class=\"has-fixed-layout\" style=\"border-style:none;border-width:0px\"><tbody><tr><td class=\"has-text-align-center\" data-align=\"center\">Montag, 17:00 &#8211; 18:00 Uhr<\/td><td class=\"has-text-align-center\" data-align=\"center\"><a href=\"https:\/\/www.google.com\/maps\/place\/Gemeinschaftsgrundschule+Stiftsschule\/@51.4228112,7.0283445,16z\/data=!3m1!4b1!4m6!3m5!1s0x47b8dcdb0ab89f5b:0x60ae861d48a5a8e1!8m2!3d51.4228079!4d7.0309194!16s%2Fg%2F1n3dw8kcm?entry=ttu&amp;g_ep=EgoyMDI1MTAxMi4wIKXMDSoASAFQAw%3D%3D\">Stiftsschule<br>Amselstra\u00dfe 30<br>45134 Essen<\/a><\/td><td>Leiterinnen: <a href=\"http:\/\/212.227.100.131:8081\/index.php\/ueber-uns\/#ul-ilona\" data-type=\"page\" data-id=\"50\">Ilona H\u00e4rtel<\/a> &amp; <a href=\"http:\/\/212.227.100.131:8081\/index.php\/ueber-uns\/#ul-katja\" data-type=\"page\" data-id=\"50\">Katja Kreyenkamp<\/a><\/td><\/tr><\/tbody><\/table><\/figure>\n<\/div><\/div><\/div>\n\n\n\n<div class=\"wp-block-kadence-pane kt-accordion-pane kt-accordion-pane-4 kt-pane19_9d625a-9e\"><div class=\"kt-accordion-header-wrap\"><button class=\"kt-blocks-accordion-header kt-acccordion-button-label-show\" type=\"button\"><span class=\"kt-blocks-accordion-title-wrap\"><span class=\"kt-blocks-accordion-title\">Rhythmische Sportgymnastik (M\u00e4dchen ab 5 Jahre)<\/span><\/span><span class=\"kt-blocks-accordion-icon-trigger\"><\/span><\/button><\/div><div class=\"kt-accordion-panel kt-accordion-panel-hidden\"><div class=\"kt-accordion-panel-inner\">\n<p>M\u00e4dchen ab 5 Jahren, die Bewegung, Musik und Eleganz lieben, sind hier richtig. Unsere qualifiziertes Trainerinnenteam bringt dir gerne K\u00f6rperbeherrschung, und den Umgang mit Reifen, Ball, Band und Keulen bei. Jedes Alter wird individuell gef\u00f6rdert und auch an Wettk\u00e4mpfen teilnehmen.<\/p>\n\n\n\n<figure class=\"wp-block-table is-style-regular\" style=\"padding-top:0px;padding-right:0px;padding-bottom:0px;padding-left:0px\"><table class=\"has-fixed-layout\" style=\"border-style:none;border-width:0px\"><tbody><tr><td class=\"has-text-align-center\" data-align=\"center\">Montag, 18:00 &#8211; 19:45<\/td><td class=\"has-text-align-center\" data-align=\"center\"><a href=\"https:\/\/www.google.com\/maps\/place\/Helmholtz-Gymnasium+Essen\/@51.4366433,7.0137351,17z\/data=!3m1!4b1!4m6!3m5!1s0x47b8dd2b56561505:0x968d2d40eb36595b!8m2!3d51.43664!4d7.01631!16s%2Fg%2F122h62pc?entry=ttu&amp;g_ep=EgoyMDI1MTAxMi4wIKXMDSoASAFQAw%3D%3D\">Helmholtzhalle<br>Rosastra\u00dfe 83<br>45130 Essen<\/a><\/td><td>Leiterin: <a href=\"http:\/\/212.227.100.131:8081\/index.php\/ueber-uns\/#ul-oxana\" data-type=\"page\" data-id=\"50\">Oxana Kohl<\/a><\/td><\/tr><tr><td class=\"has-text-align-center\" data-align=\"center\">Freitag, 16:00 &#8211; 17:00 Uhr (Anf\u00e4nger)<br>Freitag, 17:00 &#8211; 20:00 Uhr (Fortgeschrittene)<\/td><td class=\"has-text-align-center\" data-align=\"center\"><a href=\"https:\/\/www.google.com\/maps\/place\/K%C3%A4the-Kollwitz-Schule+St%C3%A4dt.+Evang.\/@51.4327733,7.0036651,17z\/data=!3m2!4b1!5s0x47b8c2d63d268939:0x41091bec90e84ac8!4m6!3m5!1s0x47b8c2d622cbef49:0x58c984ae673bf357!8m2!3d51.43277!4d7.00624!16s%2Fg%2F1tks5dpw?entry=ttu&amp;g_ep=EgoyMDI1MTAxMi4wIKXMDSoASAFQAw%3D%3D\">K\u00e4the-Kollwitz-Schule<br>Christinenstra\u00dfe 4<br>45131 Essen<\/a><\/td><td>Leiterin: <a href=\"http:\/\/212.227.100.131:8081\/index.php\/ueber-uns\/#ul-oxana\" data-type=\"page\" data-id=\"50\">Oxana Kohl<\/a><\/td><\/tr><tr><td class=\"has-text-align-center\" data-align=\"center\">Sonntag, 10:00 &#8211; 16:00 Uhr<\/td><td class=\"has-text-align-center\" data-align=\"center\"><a href=\"https:\/\/www.google.com\/maps\/place\/Elsa-Br%C3%A4ndstr%C3%B6m-Realschule\/@51.4430138,7.0369347,17z\/data=!3m1!4b1!4m6!3m5!1s0x47b8dd3cf6b561d1:0xaefc842510be262b!8m2!3d51.4430105!4d7.0395096!16s%2Fg%2F1s055qzvc?entry=ttu&amp;g_ep=EgoyMDI1MTAxMi4wIKXMDSoASAFQAw%3D%3D\">Elsa-Br\u00e4ndstr\u00f6m-Realschule<br>Bergerhauser Stra\u00dfe 13<br>45136 Essen<\/a><\/td><td>Leiterin: <a href=\"http:\/\/212.227.100.131:8081\/index.php\/ueber-uns\/#ul-oxana\" data-type=\"page\" data-id=\"50\">Oxana Kohl<\/a><\/td><\/tr><\/tbody><\/table><\/figure>\n<\/div><\/div><\/div>\n\n\n\n<div class=\"wp-block-kadence-pane kt-accordion-pane kt-accordion-pane-5 kt-pane19_1ead42-b8\"><div class=\"kt-accordion-header-wrap\"><button class=\"kt-blocks-accordion-header kt-acccordion-button-label-show\" type=\"button\"><span class=\"kt-blocks-accordion-title-wrap\"><span class=\"kt-blocks-accordion-title\">Trampolin f\u00fcr Kinder und Jugendliche<\/span><\/span><span class=\"kt-blocks-accordion-icon-trigger\"><\/span><\/button><\/div><div class=\"kt-accordion-panel kt-accordion-panel-hidden\"><div class=\"kt-accordion-panel-inner\">\n<p>Du willst hoch hinaus? Dann bist du hier richtig. Bei uns lernst du coole Spr\u00fcnge, K\u00f6rperspannung und sicheres Landen auf dem Trampolin \u2013 mit Spa\u00df und unter professioneller Anleitung. Egal ob Anf\u00e4nger oder mit Vorerfahrung bist du ab einem Alter von 10 Jahren bei uns willkommen. Unser Team f\u00f6rdert dich Schritt f\u00fcr Schritt, Sprung f\u00fcr Sprung.<\/p>\n\n\n\n<p>Schnuppertraining ist m\u00f6glich, bitte f\u00fcr einen Termin vorher anrufen.<\/p>\n\n\n\n<figure class=\"wp-block-table is-style-regular\" style=\"padding-top:0px;padding-right:0px;padding-bottom:0px;padding-left:0px\"><table class=\"has-fixed-layout\" style=\"border-style:none;border-width:0px\"><tbody><tr><td class=\"has-text-align-center\" data-align=\"center\">Montag, 18:00 &#8211; 19:45<\/td><td class=\"has-text-align-center\" data-align=\"center\"><a href=\"https:\/\/www.google.com\/maps\/place\/Helmholtz-Gymnasium+Essen\/@51.4366433,7.0137351,17z\/data=!3m1!4b1!4m6!3m5!1s0x47b8dd2b56561505:0x968d2d40eb36595b!8m2!3d51.43664!4d7.01631!16s%2Fg%2F122h62pc?entry=ttu&amp;g_ep=EgoyMDI1MTAxMi4wIKXMDSoASAFQAw%3D%3D\">Helmholtzhalle<br>Rosastra\u00dfe 83<br>45130 Essen<\/a><\/td><\/tr><\/tbody><\/table><\/figure>\n<\/div><\/div><\/div>\n<\/div><\/div><\/div>\n\n\n\n<p><\/p>\n\n\n\n<p>Unser Antragsformular f\u00fcr eine Mitgliedschaft sowie die Beschreibung des Aufnahmeprozesses findest du <a href=\"http:\/\/212.227.100.131:8081\/index.php\/mitglied-werden\/\" data-type=\"page\" data-id=\"52\">hier<\/a>. Wir freuen uns auf dich \ud83d\ude0e<\/p>\n","protected":false},"excerpt":{"rendered":"<p>Bei Interesse an unseren Trainingseinheiten oder Fragen zu Schnupperstunden oder der Anmeldung, wendet euch gerne direkt an unsere Gesch\u00e4ftsf\u00fchrerin: Silke Kr\u00fcger (Tel.: +49 201 781168, s.krueger-etb@web.de) Unser Antragsformular f\u00fcr eine Mitgliedschaft sowie die Beschreibung des Aufnahmeprozesses findest du hier. Wir freuen uns auf dich \ud83d\ude0e<\/p>\n","protected":false},"author":1,"featured_media":0,"parent":0,"menu_order":0,"comment_status":"closed","ping_status":"closed","template":"","meta":{"_kad_post_transparent":"","_kad_post_title":"","_kad_post_layout":"","_kad_post_sidebar_id":"","_kad_post_content_style":"","_kad_post_vertical_padding":"","_kad_post_feature":"","_kad_post_feature_position":"","_kad_post_header":false,"_kad_post_footer":false,"footnotes":""},"class_list":["post-19","page","type-page","status-publish","hentry"],"_links":{"self":[{"href":"https:\/\/etb.mausberg.net\/index.php\/wp-json\/wp\/v2\/pages\/19","targetHints":{"allow":["GET"]}}],"collection":[{"href":"https:\/\/etb.mausberg.net\/index.php\/wp-json\/wp\/v2\/pages"}],"about":[{"href":"https:\/\/etb.mausberg.net\/index.php\/wp-json\/wp\/v2\/types\/page"}],"author":[{"embeddable":true,"href":"https:\/\/etb.mausberg.net\/index.php\/wp-json\/wp\/v2\/users\/1"}],"replies":[{"embeddable":true,"href":"https:\/\/etb.mausberg.net\/index.php\/wp-json\/wp\/v2\/comments?post=19"}],"version-history":[{"count":12,"href":"https:\/\/etb.mausberg.net\/index.php\/wp-json\/wp\/v2\/pages\/19\/revisions"}],"predecessor-version":[{"id":106,"href":"https:\/\/etb.mausberg.net\/index.php\/wp-json\/wp\/v2\/pages\/19\/revisions\/106"}],"wp:attachment":[{"href":"https:\/\/etb.mausberg.net\/index.php\/wp-json\/wp\/v2\/media?parent=19"}],"curies":[{"name":"wp","href":"https:\/\/api.w.org\/{rel}","templated":true}]}}